{"id":130,"date":"2018-01-28T12:51:19","date_gmt":"2018-01-28T11:51:19","guid":{"rendered":"http:\/\/new.notima.se\/wprs\/?page_id=130"},"modified":"2023-09-26T11:24:10","modified_gmt":"2023-09-26T09:24:10","slug":"samfallighet","status":"publish","type":"page","link":"https:\/\/ekonomibolaget.se\/wprs\/om-oss\/associationsformer\/samfallighet\/","title":{"rendered":"Samf\u00e4llighetsf\u00f6rening"},"content":{"rendered":"\n<p>En samf\u00e4llighetsf\u00f6rening \u00e4r en juridisk person vars syfte \u00e4r att hantera fr\u00e5gor som r\u00f6r mer \u00e4n en fastighet.<\/p>\n\n\n\n<p>Samf\u00e4llighetsf\u00f6reningen f\u00f6rnyar, f\u00f6rvaltar och underh\u00e5ller fastighetsgemensamma anl\u00e4ggningar. Det kan \u00e4ven handla om att fastigheterna gemensamt k\u00f6per in exempelvis soph\u00e4mtning och v\u00e4gh\u00e5llning.<\/p>\n\n\n\n<p>En samf\u00e4llighetsf\u00f6rening liknar en bostadsr\u00e4ttsf\u00f6rening i den meningen att varje fastighets\u00e4gare \u00e4r medlem och att samf\u00e4lligheten har ett liknande styre.<\/p>\n\n\n\n<p>Mindre samf\u00e4lligheter beh\u00f6ver inte f\u00f6rvaltas av en samf\u00e4llighetsf\u00f6rening (de kan del\u00e4garf\u00f6rvaltas) men det \u00e4r oftast det b\u00e4st avgr\u00e4nsade s\u00e4ttet att f\u00f6rvalta en samf\u00e4llighet.<\/p>\n\n\n\n<p>Vi har m\u00e5ng\u00e5rig erfarenhet av att sk\u00f6ta ekonomisk f\u00f6rvaltning i samf\u00e4llighetsf\u00f6reningar.<\/p>\n\n\n\n<h3>Prisbild<\/h3>\n\n\n\n<p>Samf\u00e4llighetsf\u00f6reningar \u00e4r relativt lika bostadsr\u00e4ttsf\u00f6reningar. Se <a href=\"https:\/\/ekonomibolaget.se\/wprs\/om-oss\/associationsformer\/bostadsrattsforening\/\" data-type=\"page\" data-id=\"104\">prisbilden f\u00f6r bostadsr\u00e4ttsf\u00f6reningar<\/a>.<\/p>\n","protected":false},"excerpt":{"rendered":"<p>En samf\u00e4llighetsf\u00f6rening \u00e4r en juridisk person vars syfte \u00e4r att hantera fr\u00e5gor som r\u00f6r mer \u00e4n en fastighet. Samf\u00e4llighetsf\u00f6reningen f\u00f6rnyar, f\u00f6rvaltar och underh\u00e5ller fastighetsgemensamma anl\u00e4ggningar. Det kan \u00e4ven handla om att fastigheterna gemensamt k\u00f6per in exempelvis soph\u00e4mtning och v\u00e4gh\u00e5llning. En samf\u00e4llighetsf\u00f6rening liknar en bostadsr\u00e4ttsf\u00f6rening i den meningen att varje fastighets\u00e4gare \u00e4r medlem och att samf\u00e4lligheten &hellip; <a href=\"https:\/\/ekonomibolaget.se\/wprs\/om-oss\/associationsformer\/samfallighet\/\" class=\"more-link\">Forts\u00e4tt l\u00e4sa<span class=\"screen-reader-text\"> &#8221;Samf\u00e4llighetsf\u00f6rening&#8221;<\/span><\/a><\/p>\n","protected":false},"author":1,"featured_media":0,"parent":109,"menu_order":0,"comment_status":"closed","ping_status":"closed","template":"","meta":[],"_links":{"self":[{"href":"https:\/\/ekonomibolaget.se\/wprs\/wp-json\/wp\/v2\/pages\/130"}],"collection":[{"href":"https:\/\/ekonomibolaget.se\/wprs\/wp-json\/wp\/v2\/pages"}],"about":[{"href":"https:\/\/ekonomibolaget.se\/wprs\/wp-json\/wp\/v2\/types\/page"}],"author":[{"embeddable":true,"href":"https:\/\/ekonomibolaget.se\/wprs\/wp-json\/wp\/v2\/users\/1"}],"replies":[{"embeddable":true,"href":"https:\/\/ekonomibolaget.se\/wprs\/wp-json\/wp\/v2\/comments?post=130"}],"version-history":[{"count":3,"href":"https:\/\/ekonomibolaget.se\/wprs\/wp-json\/wp\/v2\/pages\/130\/revisions"}],"predecessor-version":[{"id":768,"href":"https:\/\/ekonomibolaget.se\/wprs\/wp-json\/wp\/v2\/pages\/130\/revisions\/768"}],"up":[{"embeddable":true,"href":"https:\/\/ekonomibolaget.se\/wprs\/wp-json\/wp\/v2\/pages\/109"}],"wp:attachment":[{"href":"https:\/\/ekonomibolaget.se\/wprs\/wp-json\/wp\/v2\/media?parent=130"}],"curies":[{"name":"wp","href":"https:\/\/api.w.org\/{rel}","templated":true}]}}