{"id":237,"date":"2018-05-27T12:44:03","date_gmt":"2018-05-27T10:44:03","guid":{"rendered":"http:\/\/ekonomibolaget.se\/wprs\/?page_id=237"},"modified":"2023-09-25T16:02:00","modified_gmt":"2023-09-25T14:02:00","slug":"affarssystem-erp","status":"publish","type":"page","link":"https:\/\/ekonomibolaget.se\/wprs\/services\/affarssystem-erp\/","title":{"rendered":"Aff\u00e4rssystem (ERP)"},"content":{"rendered":"<p>Bokf\u00f6ring och redovisning i sin enklaste form g\u00e5r att sk\u00f6ta i ett Excelblad. Desto st\u00f6rre och mer omfattande redovisningen blir desto st\u00f6rre och mer omfattande blir systemet som hanterar redovisningen.<\/p>\n<p>F\u00f6retag med m\u00e5nga transaktioner brukar f\u00f6rr eller senare beh\u00f6va ett aff\u00e4rssystem. Exakt vad som \u00e4r ett aff\u00e4rssystem \u00e4r en tolkningsfr\u00e5ga men generellt kan man s\u00e4ga att det besitter f\u00f6ljande egenskaper<\/p>\n<ul>\n<li>Fleranv\u00e4ndarsystem d\u00e4r anv\u00e4ndarna kan delas upp i olika roller.<\/li>\n<li>Systemet \u00e4r dokumentdrivet och bokf\u00f6ringen sker utifr\u00e5n dokumenten som i sin tur har regler f\u00f6r hur de bokf\u00f6rs. Detta inneb\u00e4r t ex att ett fakturadokument som skapas utifr\u00e5n en leverans sj\u00e4lv vet hur det skall bokf\u00f6ras.<\/li>\n<li>Internationellt g\u00e5ngbart, dvs det g\u00e5r att anv\u00e4nda i flera l\u00e4nder och systemets skatteregler kan justeras utifr\u00e5n aktuella l\u00e4nder.<\/li>\n<li>Utbyggbart och kundanpassningsbart &#8211; Systemet g\u00e5r att bygga ut och anpassa utifr\u00e5n verksamheten utan omfattande programmering. T ex anpassade inmatningsf\u00f6nster, egna f\u00e4lt och anpassade dokumentfl\u00f6den.<\/li>\n<li>Moderna aff\u00e4rssystem har ofta en slags &#8221;marketplace&#8221; eller liknande d\u00e4r tredje part kan skapa moduler och integrationer.<\/li>\n<\/ul>\n<p>\u00a0<\/p>\n\n\n<h3>Exempel p\u00e5 aff\u00e4rssystem<\/h3>\n\n\n\n<ul><li>Microsoft Business Central<\/li><li>SAP<\/li><li>iDempiere<\/li><\/ul>\n\n\n\n<h4>Aff\u00e4rssystem som enbart \u00e4r g\u00e5ngbarA i Sverige<\/h4>\n\n\n\n<ul><li>Fortnox<\/li><li>Bokio<\/li><li>Visma eEkonomi<\/li><\/ul>\n","protected":false},"excerpt":{"rendered":"<p>Bokf\u00f6ring och redovisning i sin enklaste form g\u00e5r att sk\u00f6ta i ett Excelblad. Desto st\u00f6rre och mer omfattande redovisningen blir desto st\u00f6rre och mer omfattande blir systemet som hanterar redovisningen. F\u00f6retag med m\u00e5nga transaktioner brukar f\u00f6rr eller senare beh\u00f6va ett aff\u00e4rssystem. Exakt vad som \u00e4r ett aff\u00e4rssystem \u00e4r en tolkningsfr\u00e5ga men generellt kan man s\u00e4ga &hellip; <a href=\"https:\/\/ekonomibolaget.se\/wprs\/services\/affarssystem-erp\/\" class=\"more-link\">Forts\u00e4tt l\u00e4sa<span class=\"screen-reader-text\"> &#8221;Aff\u00e4rssystem (ERP)&#8221;<\/span><\/a><\/p>\n","protected":false},"author":1,"featured_media":0,"parent":2,"menu_order":40,"comment_status":"closed","ping_status":"closed","template":"","meta":[],"_links":{"self":[{"href":"https:\/\/ekonomibolaget.se\/wprs\/wp-json\/wp\/v2\/pages\/237"}],"collection":[{"href":"https:\/\/ekonomibolaget.se\/wprs\/wp-json\/wp\/v2\/pages"}],"about":[{"href":"https:\/\/ekonomibolaget.se\/wprs\/wp-json\/wp\/v2\/types\/page"}],"author":[{"embeddable":true,"href":"https:\/\/ekonomibolaget.se\/wprs\/wp-json\/wp\/v2\/users\/1"}],"replies":[{"embeddable":true,"href":"https:\/\/ekonomibolaget.se\/wprs\/wp-json\/wp\/v2\/comments?post=237"}],"version-history":[{"count":2,"href":"https:\/\/ekonomibolaget.se\/wprs\/wp-json\/wp\/v2\/pages\/237\/revisions"}],"predecessor-version":[{"id":755,"href":"https:\/\/ekonomibolaget.se\/wprs\/wp-json\/wp\/v2\/pages\/237\/revisions\/755"}],"up":[{"embeddable":true,"href":"https:\/\/ekonomibolaget.se\/wprs\/wp-json\/wp\/v2\/pages\/2"}],"wp:attachment":[{"href":"https:\/\/ekonomibolaget.se\/wprs\/wp-json\/wp\/v2\/media?parent=237"}],"curies":[{"name":"wp","href":"https:\/\/api.w.org\/{rel}","templated":true}]}}