{"id":250,"date":"2018-06-14T12:29:10","date_gmt":"2018-06-14T10:29:10","guid":{"rendered":"http:\/\/ekonomibolaget.se\/wprs\/?page_id=250"},"modified":"2019-03-12T09:59:25","modified_gmt":"2019-03-12T08:59:25","slug":"deklarationsombud","status":"publish","type":"page","link":"https:\/\/ekonomibolaget.se\/wprs\/services\/deklarationer\/deklarationsombud\/","title":{"rendered":"Deklarationsombud"},"content":{"rendered":"<p>Att vi \u00e4r deklarationsombud underl\u00e4ttar era och v\u00e5ra kontakter med Skatteverket.<\/p>\n<p>Vi kan f\u00f6r er r\u00e4kning bl a<\/p>\n<ul>\n<li>H\u00e5lla koll p\u00e5 era deklarationsdatum d\u00e5 vi f\u00e5r information fr\u00e5n skatteverket vilka deklarationer som skall l\u00e4mnas och n\u00e4r.<\/li>\n<li>Kontrollera ert skattekonto<\/li>\n<li>Kontrollera tidigare l\u00e4mnade deklarationer.<\/li>\n<li>L\u00e4mna deklarationer samt vid behov korrigera av oss tidigare l\u00e4mnade deklarationer<\/li>\n<\/ul>\n<p>Vi ansvarar dock inte f\u00f6r deklarationens skattem\u00e4ssiga korrekthet d\u00e5 det alltid \u00e4r den deklarationsskyldiges ansvar. V\u00e5rt ansvar begr\u00e4nsar sig till att den \u00e4r korrekt utifr\u00e5n de uppgifter vi erh\u00e5llit fr\u00e5n den deklarationsskyldige.<\/p>\n<p>Det enklaste s\u00e4ttet att l\u00e5ta oss bli deklarationsombud \u00e4r via skatteverkets hemsida d\u00e4r ni kan l\u00e4gga till ombud mha mobilt BankID.<\/p>\n<p><a href=\"https:\/\/www.skatteverket.se\/foretagochorganisationer\/sjalvservice\/allaetjanster\/tjanster\/ombudochbehorigheter.4.18e1b10334ebe8bc80005609.html\">Ombud och beh\u00f6righeter<\/a><\/p>\n<p>Om ni inte har tillg\u00e5ng till mobilt BankID g\u00e5r det att g\u00f6ra mha en av blanketterna nedan<\/p>\n<p><a href=\"http:\/\/ekonomibolaget.se\/wprs\/wp-content\/uploads\/2018\/06\/4809_14-Ans\u00f6kan-Deklarationsombud.pdf\">Ans\u00f6kan om deklarationsombud (PDF)<\/a><br \/>\n<a href=\"http:\/\/ekonomibolaget.se\/wprs\/wp-content\/uploads\/2018\/06\/4809_14-Ans\u00f6kan-Deklarationsombud_ifyllbar.pdf\">Ans\u00f6kan om deklarationsombud (ifyllbar PDF)<\/a><\/p>\n<h3>Vilka skall vara deklarationsombud?<\/h3>\n<p>Ekonomibolaget Notima AB som bolag \u00e4r ombud via sina anst\u00e4llda. Dvs det m\u00e5ste alltid vara specifika personer hos oss som \u00e4r ombud till er.<\/p>\n<p>F\u00f6r att vi alltid skall kunna sk\u00f6ta v\u00e5ra uppgifter oavsett semestertid, sjukdom eller annan ledighet str\u00e4var vi efter att ha 2-3 deklarationsombud utn\u00e4mnda per bolag. Generellt har ni en prim\u00e4r kontakt men f\u00f6r smidighetens skull beh\u00f6ver vi ha fler \u00e4n ett ombud.<\/p>\n<p>N\u00e4r vi skall bli deklarationsombud till er meddelar vi vilka personer ni skall ange som ombud.<\/p>\n<p>Om ni vill ta bort ett ombud kan ni enkelt g\u00f6ra det sj\u00e4lva via skatteverkets e-tj\u00e4nst f\u00f6r <a href=\"https:\/\/www.skatteverket.se\/foretagochorganisationer\/sjalvservice\/allaetjanster\/tjanster\/ombudochbehorigheter.4.18e1b10334ebe8bc80005609.html\">ombud och beh\u00f6righeter<\/a>.<\/p>\n","protected":false},"excerpt":{"rendered":"<p>Att vi \u00e4r deklarationsombud underl\u00e4ttar era och v\u00e5ra kontakter med Skatteverket. Vi kan f\u00f6r er r\u00e4kning bl a H\u00e5lla koll p\u00e5 era deklarationsdatum d\u00e5 vi f\u00e5r information fr\u00e5n skatteverket vilka deklarationer som skall l\u00e4mnas och n\u00e4r. Kontrollera ert skattekonto Kontrollera tidigare l\u00e4mnade deklarationer. L\u00e4mna deklarationer samt vid behov korrigera av oss tidigare l\u00e4mnade deklarationer Vi &hellip; <a href=\"https:\/\/ekonomibolaget.se\/wprs\/services\/deklarationer\/deklarationsombud\/\" class=\"more-link\">Forts\u00e4tt l\u00e4sa<span class=\"screen-reader-text\"> &#8221;Deklarationsombud&#8221;<\/span><\/a><\/p>\n","protected":false},"author":1,"featured_media":0,"parent":66,"menu_order":0,"comment_status":"closed","ping_status":"closed","template":"","meta":[],"_links":{"self":[{"href":"https:\/\/ekonomibolaget.se\/wprs\/wp-json\/wp\/v2\/pages\/250"}],"collection":[{"href":"https:\/\/ekonomibolaget.se\/wprs\/wp-json\/wp\/v2\/pages"}],"about":[{"href":"https:\/\/ekonomibolaget.se\/wprs\/wp-json\/wp\/v2\/types\/page"}],"author":[{"embeddable":true,"href":"https:\/\/ekonomibolaget.se\/wprs\/wp-json\/wp\/v2\/users\/1"}],"replies":[{"embeddable":true,"href":"https:\/\/ekonomibolaget.se\/wprs\/wp-json\/wp\/v2\/comments?post=250"}],"version-history":[{"count":1,"href":"https:\/\/ekonomibolaget.se\/wprs\/wp-json\/wp\/v2\/pages\/250\/revisions"}],"predecessor-version":[{"id":251,"href":"https:\/\/ekonomibolaget.se\/wprs\/wp-json\/wp\/v2\/pages\/250\/revisions\/251"}],"up":[{"embeddable":true,"href":"https:\/\/ekonomibolaget.se\/wprs\/wp-json\/wp\/v2\/pages\/66"}],"wp:attachment":[{"href":"https:\/\/ekonomibolaget.se\/wprs\/wp-json\/wp\/v2\/media?parent=250"}],"curies":[{"name":"wp","href":"https:\/\/api.w.org\/{rel}","templated":true}]}}