{"id":381,"date":"2020-07-17T14:32:24","date_gmt":"2020-07-17T12:32:24","guid":{"rendered":"http:\/\/ekonomibolaget.se\/wprs\/?page_id=381"},"modified":"2020-07-17T14:32:24","modified_gmt":"2020-07-17T12:32:24","slug":"eu-handel","status":"publish","type":"page","link":"https:\/\/ekonomibolaget.se\/wprs\/eu-handel\/","title":{"rendered":"EU-handel"},"content":{"rendered":"\n<p>Med EU-handel menas fr\u00e4mst handel med momsregistrerade juridiska personer i andra EU-l\u00e4nder.<\/p>\n\n\n\n<p>Inom EU-handel skiljer man p\u00e5 tj\u00e4nster och varor och dessa redovisas var f\u00f6r sig.<\/p>\n\n\n\n<p>F\u00f6r att man skall f\u00e5 s\u00e4lja till en annan juridisk person inom EU utan att l\u00e4gga p\u00e5 svensk moms m\u00e5ste motparten ha ett giltigt registrerat VAT-nummer.<\/p>\n\n\n\n<p>Om VAT-nummer saknas f\u00e5r man inte s\u00e4lja utan att l\u00e4gga p\u00e5 svensk moms (om man bedriver momspliktig verksamhet).<\/p>\n\n\n\n<p>EU-handel skall redovisas dels som totalsummor i momsredovisningen och dels p\u00e5 motpartsniv\u00e5, dvs all EU-f\u00f6rs\u00e4ljning skall specificeras upp p\u00e5 motpartens VAT-nummer samt v\u00e4rdet av k\u00f6pta tj\u00e4nster och varor.<\/p>\n\n\n\n<p>EU-handel redovisas i en periodisk sammanst\u00e4llning. Denna skall i normalfallet skickas in senast den 25:e m\u00e5naden efter periodens utg\u00e5ng. <\/p>\n","protected":false},"excerpt":{"rendered":"<p>Med EU-handel menas fr\u00e4mst handel med momsregistrerade juridiska personer i andra EU-l\u00e4nder. Inom EU-handel skiljer man p\u00e5 tj\u00e4nster och varor och dessa redovisas var f\u00f6r sig. F\u00f6r att man skall f\u00e5 s\u00e4lja till en annan juridisk person inom EU utan att l\u00e4gga p\u00e5 svensk moms m\u00e5ste motparten ha ett giltigt registrerat VAT-nummer. Om VAT-nummer saknas &hellip; <a href=\"https:\/\/ekonomibolaget.se\/wprs\/eu-handel\/\" class=\"more-link\">Forts\u00e4tt l\u00e4sa<span class=\"screen-reader-text\"> &#8221;EU-handel&#8221;<\/span><\/a><\/p>\n","protected":false},"author":1,"featured_media":0,"parent":0,"menu_order":0,"comment_status":"closed","ping_status":"closed","template":"","meta":[],"_links":{"self":[{"href":"https:\/\/ekonomibolaget.se\/wprs\/wp-json\/wp\/v2\/pages\/381"}],"collection":[{"href":"https:\/\/ekonomibolaget.se\/wprs\/wp-json\/wp\/v2\/pages"}],"about":[{"href":"https:\/\/ekonomibolaget.se\/wprs\/wp-json\/wp\/v2\/types\/page"}],"author":[{"embeddable":true,"href":"https:\/\/ekonomibolaget.se\/wprs\/wp-json\/wp\/v2\/users\/1"}],"replies":[{"embeddable":true,"href":"https:\/\/ekonomibolaget.se\/wprs\/wp-json\/wp\/v2\/comments?post=381"}],"version-history":[{"count":1,"href":"https:\/\/ekonomibolaget.se\/wprs\/wp-json\/wp\/v2\/pages\/381\/revisions"}],"predecessor-version":[{"id":382,"href":"https:\/\/ekonomibolaget.se\/wprs\/wp-json\/wp\/v2\/pages\/381\/revisions\/382"}],"wp:attachment":[{"href":"https:\/\/ekonomibolaget.se\/wprs\/wp-json\/wp\/v2\/media?parent=381"}],"curies":[{"name":"wp","href":"https:\/\/api.w.org\/{rel}","templated":true}]}}