{"id":401,"date":"2020-09-15T16:06:48","date_gmt":"2020-09-15T14:06:48","guid":{"rendered":"http:\/\/ekonomibolaget.se\/wprs\/?page_id=401"},"modified":"2025-06-22T13:43:31","modified_gmt":"2025-06-22T11:43:31","slug":"betalvaxlar","status":"publish","type":"page","link":"https:\/\/ekonomibolaget.se\/wprs\/services\/redovisning\/betalvaxlar\/","title":{"rendered":"Betalv\u00e4xlar"},"content":{"rendered":"\n<p>Med betalv\u00e4xlar avses olika typer av betalningsf\u00f6rmedlare. N\u00e5gra betalningsf\u00f6rmedlare aktiva i Sverige \u00e4r bl a:<\/p>\n\n\n\n<ul><li><a href=\"https:\/\/ekonomibolaget.se\/wprs\/services\/redovisning\/betalvaxlar\/svea-bank\/avstamning\/svea-fortnox\/\" data-type=\"page\" data-id=\"482\">Svea Bank<\/a><\/li><li>Klarna<\/li><li>PayPal<\/li><\/ul>\n\n\n\n<p>Vi arbetar med Svea Banks integration mot <a href=\"https:\/\/ekonomibolaget.se\/wprs\/services\/redovisning\/betalvaxlar\/svea-bank\/avstamning\/\" data-type=\"page\" data-id=\"421\">Fortnox<\/a>.<\/p>\n","protected":false},"excerpt":{"rendered":"<p>Med betalv\u00e4xlar avses olika typer av betalningsf\u00f6rmedlare. N\u00e5gra betalningsf\u00f6rmedlare aktiva i Sverige \u00e4r bl a: Svea Bank Klarna PayPal Vi arbetar med Svea Banks integration mot Fortnox.<\/p>\n","protected":false},"author":1,"featured_media":0,"parent":43,"menu_order":0,"comment_status":"closed","ping_status":"closed","template":"","meta":[],"_links":{"self":[{"href":"https:\/\/ekonomibolaget.se\/wprs\/wp-json\/wp\/v2\/pages\/401"}],"collection":[{"href":"https:\/\/ekonomibolaget.se\/wprs\/wp-json\/wp\/v2\/pages"}],"about":[{"href":"https:\/\/ekonomibolaget.se\/wprs\/wp-json\/wp\/v2\/types\/page"}],"author":[{"embeddable":true,"href":"https:\/\/ekonomibolaget.se\/wprs\/wp-json\/wp\/v2\/users\/1"}],"replies":[{"embeddable":true,"href":"https:\/\/ekonomibolaget.se\/wprs\/wp-json\/wp\/v2\/comments?post=401"}],"version-history":[{"count":5,"href":"https:\/\/ekonomibolaget.se\/wprs\/wp-json\/wp\/v2\/pages\/401\/revisions"}],"predecessor-version":[{"id":916,"href":"https:\/\/ekonomibolaget.se\/wprs\/wp-json\/wp\/v2\/pages\/401\/revisions\/916"}],"up":[{"embeddable":true,"href":"https:\/\/ekonomibolaget.se\/wprs\/wp-json\/wp\/v2\/pages\/43"}],"wp:attachment":[{"href":"https:\/\/ekonomibolaget.se\/wprs\/wp-json\/wp\/v2\/media?parent=401"}],"curies":[{"name":"wp","href":"https:\/\/api.w.org\/{rel}","templated":true}]}}