{"id":427,"date":"2020-10-05T11:24:55","date_gmt":"2020-10-05T09:24:55","guid":{"rendered":"http:\/\/ekonomibolaget.se\/wprs\/?page_id=427"},"modified":"2023-09-15T15:09:17","modified_gmt":"2023-09-15T13:09:17","slug":"aterrapportering-med-merchantid","status":"publish","type":"page","link":"https:\/\/ekonomibolaget.se\/wprs\/services\/redovisning\/betalvaxlar\/svea-bank\/avstamning\/aterrapportering-med-merchantid\/","title":{"rendered":"\u00c5terrapportering med merchantId"},"content":{"rendered":"\n<p>N\u00e4r man blir kund hos Svea Bank blir man tilldelat ett eller flera merchantId:n och tillh\u00f6rande hemlighet(er).<\/p>\n\n\n\n<p>Detta merchantId och tillh\u00f6rande hemlighet skall ni ha erh\u00e5llit fr\u00e5n er kontakt p\u00e5 Svea Bank vid uppstarten. Om ni inte har tillg\u00e5ng till det, kontakta Svea Bank.<\/p>\n\n\n\n<p>N\u00e4r man har ett <a href=\"http:\/\/ekonomibolaget.se\/wprs\/services\/lopande-redovisning\/betalvaxlar\/svea-webpay\/terminologi-svea-webpay\/#merchantId\">merchantId<\/a> kan man t ex anv\u00e4nda det f\u00f6r att l\u00e4gga upp en koppling f\u00f6r <a href=\"https:\/\/ekonomibolaget.se\/wprs\/services\/lopande-redovisning\/betalvaxlar\/svea-webpay\/automatisk-avstamning-svea-webpay\/\" data-type=\"page\" data-id=\"421\">automatisk \u00e5terrapportering<\/a> eller sj\u00e4lv h\u00e4mta \u00e5terrapporteringsinformation fr\u00e5n f\u00f6ljande API<\/p>\n\n\n\n<p><a href=\"https:\/\/paymentadminapi.svea.com\/documentation\" target=\"_blank\" rel=\"noreferrer noopener\" aria-label=\"https:\/\/paymentadminapi.svea.com\/documentation (\u00f6ppnas i en ny flik)\">https:\/\/paymentadminapi.svea.com\/documentation<\/a><\/p>\n\n\n\n<p>Sj\u00e4lva \u00e5terrapporteringsformatet \u00e4r JSON och exempelkod i java f\u00f6r att l\u00e4sa \/ skriva JSON-objekten finns h\u00e4r<\/p>\n\n\n\n<p><a href=\"https:\/\/github.com\/sveawebpay\/webpay-common\/tree\/master\/webpay-common\/src\/main\/java\/com\/svea\/webpay\/common\/reconciliation2\">https:\/\/github.com\/sveawebpay\/webpay-common\/<\/a><\/p>\n","protected":false},"excerpt":{"rendered":"<p>N\u00e4r man blir kund hos Svea Bank blir man tilldelat ett eller flera merchantId:n och tillh\u00f6rande hemlighet(er). Detta merchantId och tillh\u00f6rande hemlighet skall ni ha erh\u00e5llit fr\u00e5n er kontakt p\u00e5 Svea Bank vid uppstarten. Om ni inte har tillg\u00e5ng till det, kontakta Svea Bank. N\u00e4r man har ett merchantId kan man t ex anv\u00e4nda det &hellip; <a href=\"https:\/\/ekonomibolaget.se\/wprs\/services\/redovisning\/betalvaxlar\/svea-bank\/avstamning\/aterrapportering-med-merchantid\/\" class=\"more-link\">Forts\u00e4tt l\u00e4sa<span class=\"screen-reader-text\"> &#8221;\u00c5terrapportering med merchantId&#8221;<\/span><\/a><\/p>\n","protected":false},"author":1,"featured_media":0,"parent":421,"menu_order":0,"comment_status":"closed","ping_status":"closed","template":"","meta":[],"_links":{"self":[{"href":"https:\/\/ekonomibolaget.se\/wprs\/wp-json\/wp\/v2\/pages\/427"}],"collection":[{"href":"https:\/\/ekonomibolaget.se\/wprs\/wp-json\/wp\/v2\/pages"}],"about":[{"href":"https:\/\/ekonomibolaget.se\/wprs\/wp-json\/wp\/v2\/types\/page"}],"author":[{"embeddable":true,"href":"https:\/\/ekonomibolaget.se\/wprs\/wp-json\/wp\/v2\/users\/1"}],"replies":[{"embeddable":true,"href":"https:\/\/ekonomibolaget.se\/wprs\/wp-json\/wp\/v2\/comments?post=427"}],"version-history":[{"count":9,"href":"https:\/\/ekonomibolaget.se\/wprs\/wp-json\/wp\/v2\/pages\/427\/revisions"}],"predecessor-version":[{"id":752,"href":"https:\/\/ekonomibolaget.se\/wprs\/wp-json\/wp\/v2\/pages\/427\/revisions\/752"}],"up":[{"embeddable":true,"href":"https:\/\/ekonomibolaget.se\/wprs\/wp-json\/wp\/v2\/pages\/421"}],"wp:attachment":[{"href":"https:\/\/ekonomibolaget.se\/wprs\/wp-json\/wp\/v2\/media?parent=427"}],"curies":[{"name":"wp","href":"https:\/\/api.w.org\/{rel}","templated":true}]}}