{"id":61,"date":"2017-12-25T19:34:22","date_gmt":"2017-12-25T18:34:22","guid":{"rendered":"http:\/\/new.notima.se\/wprs\/?page_id=61"},"modified":"2024-12-23T10:36:17","modified_gmt":"2024-12-23T09:36:17","slug":"skattefragor","status":"publish","type":"page","link":"https:\/\/ekonomibolaget.se\/wprs\/om-oss\/skattefragor\/","title":{"rendered":"Skattefr\u00e5gor"},"content":{"rendered":"\n<p>F\u00f6rutom att redovisning \u00e4r ett utm\u00e4rkt verktyg f\u00f6r att styra och m\u00e4ta en verksamhet s\u00e5 anv\u00e4nds redovisning som ett verktyg f\u00f6r att r\u00e4kna fram vilken skatt som skall betalas.<\/p>\n\n\n\n<p>N\u00e4r man bokf\u00f6r m\u00e5ste man vara medveten om aktuell skattelagstiftning.<\/p>\n\n\n\n<p><a href=\"https:\/\/lagen.nu\/1999:1229#K16P1S1\">Huvudregeln i inkomstskattelagen<\/a> \u00e4r<\/p>\n\n\n\n<blockquote class=\"wp-block-quote has-text-align-left\"><p>&#8221;Utgifter f\u00f6r att f\u00f6rv\u00e4rva och bibeh\u00e5lla inkomster ska dras av som kostnad.&#8221;<\/p><\/blockquote>\n\n\n\n<p>Generellt kan man s\u00e4ga att<\/p>\n\n\n\n<ul><li>utgifter f\u00f6r inkomstens f\u00f6rv\u00e4rvande \u00e4r avdragsgillt, resten \u00e4r det inte.<\/li><li>det du har tillg\u00e5ng till att nyttja privat skall f\u00f6rm\u00e5nsbeskattas alternativt inte tas upp i verksamheten alls.<\/li><\/ul>\n\n\n\n<p>Ovanst\u00e5ende betyder t ex<\/p>\n\n\n\n<ul><li>Utgifter f\u00f6r mat, dryck, boende och annat livsn\u00f6dv\u00e4ndigt r\u00e4knas normalt som privata kostnader. Alla m\u00e5ste \u00e4ta, inte bara f\u00f6retagare.<\/li><li>du f\u00e5r inte k\u00f6pa m\u00f6bler till hemmet p\u00e5 f\u00f6retaget \u00e4ven om du anv\u00e4nder dem n\u00e4r du jobbar hemma (eftersom du kan nyttja m\u00f6blerna privat).<\/li><li>kostnaden f\u00f6r ett pass som du beh\u00f6ver f\u00f6r en aff\u00e4rsresa \u00e4r inte avdragsgill eftersom du kan anv\u00e4nda passet f\u00f6r privata resor.<\/li><li>kostnaden f\u00f6r ett m\u00e5nadskort p\u00e5 SL inte f\u00e5r dras av i bolaget eftersom du kan resa p\u00e5 kortet privat (enkelbiljetter som g\u00e5r att h\u00e4rleda till aff\u00e4rsverksamheten \u00e4r dock avdragsgilla).<\/li><li>kostnaden f\u00f6r bredband hemma endast i undantagsfall f\u00e5r dras av i verksamheten eftersom bredbandet \u00e4ven kan nyttjas privat<\/li><\/ul>\n\n\n\n<h2>Vanliga fr\u00e5gest\u00e4llningar<\/h2>\n\n\n\n<p>Nedan har vi listat n\u00e5gra vanliga fr\u00e5gest\u00e4llningar inklusive svar p\u00e5 dessa<\/p>\n\n\n\n<figure class=\"wp-block-table\"><table><tbody><tr><td><a href=\"\/wprs\/index.php\/skattefragor\/kontor-hemma\/\">Kontor hemma<\/a><\/td><\/tr><tr><td> <p><a href=\"\/wprs\/index.php\/skattefragor\/ranta-egen-inlaning-i-aktiebolag\/\">R\u00e4nta p\u00e5 egen inl\u00e5ning i aktiebolag<\/a><\/p> <p><a href=\"https:\/\/www4.skatteverket.se\/rattsligvagledning\/369847.html?date=2018-06-07\">Avdrag f\u00f6r mobiltelefon<\/a><\/p> <\/td><\/tr><\/tbody><\/table><\/figure>\n\n\n\n<p><\/p>\n","protected":false},"excerpt":{"rendered":"<p>F\u00f6rutom att redovisning \u00e4r ett utm\u00e4rkt verktyg f\u00f6r att styra och m\u00e4ta en verksamhet s\u00e5 anv\u00e4nds redovisning som ett verktyg f\u00f6r att r\u00e4kna fram vilken skatt som skall betalas. N\u00e4r man bokf\u00f6r m\u00e5ste man vara medveten om aktuell skattelagstiftning. Huvudregeln i inkomstskattelagen \u00e4r &#8221;Utgifter f\u00f6r att f\u00f6rv\u00e4rva och bibeh\u00e5lla inkomster ska dras av som kostnad.&#8221; &hellip; <a href=\"https:\/\/ekonomibolaget.se\/wprs\/om-oss\/skattefragor\/\" class=\"more-link\">Forts\u00e4tt l\u00e4sa<span class=\"screen-reader-text\"> &#8221;Skattefr\u00e5gor&#8221;<\/span><\/a><\/p>\n","protected":false},"author":1,"featured_media":0,"parent":11,"menu_order":0,"comment_status":"closed","ping_status":"closed","template":"","meta":[],"_links":{"self":[{"href":"https:\/\/ekonomibolaget.se\/wprs\/wp-json\/wp\/v2\/pages\/61"}],"collection":[{"href":"https:\/\/ekonomibolaget.se\/wprs\/wp-json\/wp\/v2\/pages"}],"about":[{"href":"https:\/\/ekonomibolaget.se\/wprs\/wp-json\/wp\/v2\/types\/page"}],"author":[{"embeddable":true,"href":"https:\/\/ekonomibolaget.se\/wprs\/wp-json\/wp\/v2\/users\/1"}],"replies":[{"embeddable":true,"href":"https:\/\/ekonomibolaget.se\/wprs\/wp-json\/wp\/v2\/comments?post=61"}],"version-history":[{"count":9,"href":"https:\/\/ekonomibolaget.se\/wprs\/wp-json\/wp\/v2\/pages\/61\/revisions"}],"predecessor-version":[{"id":889,"href":"https:\/\/ekonomibolaget.se\/wprs\/wp-json\/wp\/v2\/pages\/61\/revisions\/889"}],"up":[{"embeddable":true,"href":"https:\/\/ekonomibolaget.se\/wprs\/wp-json\/wp\/v2\/pages\/11"}],"wp:attachment":[{"href":"https:\/\/ekonomibolaget.se\/wprs\/wp-json\/wp\/v2\/media?parent=61"}],"curies":[{"name":"wp","href":"https:\/\/api.w.org\/{rel}","templated":true}]}}